a, 2*h = -0*h + 3*a + 41. Let o be 1/1 + 14/(-1). Let q = o - -89. Calculate the highest common factor of h and q.
19
Let y be 3 - 3*(2 - 1). Suppose y = 4*o + 5*r + 56 - 14, -5*o - 4*r = 48. Let t = o + 11. Calculate the greatest common divisor of t and 9.
3
Suppose 24 = 2*d + 4*m, -2*d - 4*m = -3*m - 12. Suppose -20 = d*z + z. Let q be (z/(-6))/(2/174). Calculate the greatest common factor of 145 and q.
29
Suppose 0 = -3*h + 3*m + 27, 3*m = -5*h + m + 10. Suppose 211 = u - 0*z - z, 3*u - 628 = h*z. What is the greatest common factor of u and 24?
24
Let j(n) = n**2 - 9*n - 12. Let f be j(5). Let c be (f/12)/((-2)/21). What is the highest common factor of 84 and c?
28
Let l(n) = 3*n - 1. Let w be l(-2). Let r = 12 + w. Suppose 6*c = r*c + 16. Calculate the highest common factor of 16 and c.
16
Let a(y) = y**3 - 22*y**2 + 22*y + 110. Let p be a(22). What is the greatest common factor of p and 81?
27
Suppose -24 = -24*m + 30*m. Let j be (-39)/52 - (-1)/m - -77. What is the highest common factor of 19 and j?
19
Let k(h) = -h**3 + 15*h**2 + 13*h + 7. Let z be k(16). Let y = -25 - z. Calculate the greatest common divisor of y and 8.
8
Let i be (-6)/1*115/15. Let f = -23 - i. What is the highest common divisor of f and 161?
23
Suppose 4*z - 76 = 2*z + 4*c, 157 = 4*z - 3*c. Suppose -3*a + z = a. Let d = a - 1. What is the greatest common divisor of d and 18?
9
Suppose 0 = -5*i + 60 + 30. Suppose 0 = 5*g + 5, 4*g + 9 = 5*b - 5. What is the highest common factor of b and i?
2
Suppose 2*i + 0 - 2 = 0. Let j(o) = 3*o**2 - 1. Let d be j(i). Let n be 42*(d - (-10)/(-6)). Calculate the highest common divisor of 2 and n.
2
Suppose 14*s = 16*s - 36. What is the highest common divisor of s and 28?
2
Let r be 4/(-18) + 5017/261 - -4. What is the greatest common factor of r and 23?
23
Let w = -21 + 33. Suppose 8*u = 5*u + w. Suppose u*c - 26 = z, 7 + 5 = 3*c + 3*z. What is the highest common divisor of c and 3?
3
Suppose 0*j + 10 = 2*j + 4*h, -4*j = 4*h - 28. Let a(r) = -r - 7. Let f be a(-10). Calculate the highest common divisor of f and j.
3
Let u be (-4)/24 - (98/(-12) - -1). Let m be u + (-1 + 1 - -2). Calculate the highest common factor of m and 45.
9
Let n(z) = -2*z**2 + 5*z + 5. Suppose 2*k + 10 = 0, 3*g + 0 = 2*k + 1. Let l be n(g). Let j = 40 + l. What is the greatest common factor of 84 and j?
12
Suppose 4*c - 96 - 48 = 0. Calculate the highest common factor of c and 60.
12
Suppose 13 - 2 = l + 4*u, -5*l - 5*u = -40. Calculate the greatest common factor of l and 3.
1
Suppose -1277 - 4729 = -42*n. Calculate the greatest common divisor of 11 and n.
11
Let x be (-9)/(-12)*28/3. What is the highest common factor of x and 56?
7
Let i be ((-6)/(-4))/((2/1)/304). Suppose 0 = c + 66 - i. What is the greatest common divisor of 18 and c?
18
Let t(b) = -b - 8. Let o be t(-10). Suppose 11 = -4*h + o*x - 11, -3*x - 31 = 2*h. Let a be 12/h*64/(-3). What is the highest common factor of 8 and a?
8
Let q = -174 + 189. Let w(f) = 4*f**2 - 5*f + 1. Let d be w(4). Calculate the highest common divisor of d and q.
15
Let x(w) = -w**2 + 60*w - 489. Let m be x(50). Suppose -5*l + 2*i + 499 = 0, -7*l + 497 = -2*l - i. What is the highest common divisor of m and l?
11
Let p(q) = 4*q + 132. Let h be p(-25). Calculate the greatest common divisor of 1696 and h.
32
Suppose -2*z - 21*z + 828 = 0. What is the greatest common divisor of z and 27?
9
Let q = -235 + 397. What is the greatest common divisor of 6 and q?
6
Suppose -2*l - 25 = 5*q, 0 = -q - 1 - 4. Suppose -2*f + 160 = -l*f. Let w be (-78)/(-5) - 4/(-10). Calculate the greatest common divisor of f and w.
16
Let d = 125 - 114. Suppose 0*j - 5*j + 25 = 0. Suppose -2*o + 3 - j = -2*w, -8 = 2*o - 5*w. What is the greatest common factor of o and d?
1
Suppose 31*r - 752 + 8 = 0. Let u = 54 + 18. What is the greatest common factor of u and r?
24
Let z(s) = 2*s**2 + s + 5. Suppose 20 = -5*h - g, 2*g + 2*g - 12 = 3*h. Let j be z(h). Calculate the highest common divisor of j and 264.
33
Let f = 21 + -1. Suppose f = -0*m + 2*m. What is the highest common divisor of m and 10?
10
Let q(f) = -f - 2. Let m be q(-8). Calculate the highest common factor of m and 30.
6
Let f(b) = -b + 423. Let n be f(33). What is the greatest common factor of n and 624?
78
Let z(y) = y**3 - 5*y**2 + 2*y - 7. Let b be z(5). Suppose 0 = -2*d + 7 - b. Suppose 0 = -d*x + 16 - 4. What is the greatest common divisor of x and 30?
6
Let r be 2822/2 + -154 + 165. What is the greatest common divisor of r and 316?
158
Let o be -23*(46/(-69))/((-2)/(-3)). Suppose 0*f + 52 = 4*f. Let m = o - f. Calculate the highest common divisor of m and 15.
5
Suppose 3*q - 8 = w, 5*w - 5*q = -q - 18. Let f be (-1 - w)/((-3)/(-330)). What is the greatest common factor of 10 and f?
10
Suppose f + 6 = 18. Suppose -2*t = 2*t - f. Suppose 5*m + 3*i = 11, m - i - t*i + 7 = 0. Calculate the greatest common divisor of 8 and m.
1
Suppose 3*k - 9 = 3. Suppose -k*c + 6 + 18 = 0. Suppose h - 5*l + c = 0, -2*l + 0 = -4. Calculate the highest common divisor of 10 and h.
2
Suppose -14*w = -h - 9*w + 160, h - 3*w = 160. What is the greatest common divisor of 48 and h?
16
Let f be (-4)/32 + 27036/(-32). Let y be f/(-15)*3 - -2. Calculate the highest common divisor of y and 19.
19
Let g = 0 + 3. Let d(c) = 3*c - 97. Let b be d(35). Suppose 30 = b*u - g*u. Calculate the greatest common divisor of u and 54.
6
Let r(w) = -8*w - 1 + 3*w + w + 59*w**2. Let f be r(-2). What is the greatest common divisor of 27 and f?
27
Let f(u) = -2*u - 15. Let j be f(0). Let v be 10 + 0 + -3*(-5)/j. Calculate the highest common factor of 3 and v.
3
Suppose 0 = -p - 3*l - 1, 5*p + 4*l - 8*l - 71 = 0. Suppose 4*c - 6 = -0*c - 3*o, c + 5*o + 7 = 0. Let s = c - 2. What is the greatest common factor of s and p?
1
Let p = 21 - 16. Let z be (-1)/p*-448 + 4/10. Calculate the highest common factor of z and 10.
10
Let l(f) = 495*f**2 - 19*f + 19. Let p be l(1). Calculate the highest common divisor of 105 and p.
15
Suppose 4*l = 2*w - 12, -2*w + 2*l = 2*w - 24. Calculate the greatest common factor of w and 246.
6
Suppose -26 = -3*h + 106. Suppose 3*d - 22 = -c - 2*d, 2*c + d - h = 0. Calculate the highest common factor of c and 198.
22
Let z be (2 - 42/2)*-1. Let m be 134/7 + (2/(-14) - 0). What is the highest common divisor of m and z?
19
Suppose 197 - 2 = 3*t. Let d = -10 + t. What is the highest common divisor of 22 and d?
11
Let b = -384 - -441. What is the greatest common factor of 19 and b?
19
Suppose 0 = -9*a + 194 + 49. Calculate the greatest common divisor of a and 2.
1
Let i(z) = -8 + 6 - z**3 - 10 + 18*z + z + 6*z**2. Let k be i(8). Calculate the greatest common factor of 6 and k.
6
Let p be (-5 - 31875/(-45)) + (-2)/(-3). What is the greatest common factor of 44 and p?
44
Let g be (-63)/(-35) - 1/(-5). Let i be ((-6)/(-4))/(g/32). Let h be (164/10 + -2)*10. What is the highest common factor of h and i?
24
Let y be -11*(-1)/(3/6). Let o = y + 88. Let r be (-2)/8 + 287/28. What is the greatest common divisor of o and r?
10
Suppose 1395 = -4*o + 4743. Let l(x) = -x**2 + 11*x - 26. Let c be l(4). Suppose 5*b = c*b + o. What is the greatest common factor of b and 31?
31
Let b(s) = -s**3 - 5*s**2 + 13*s - 1. Let x be b(-7). Suppose x*y - 364 = 32. Calculate the greatest common factor of y and 22.
22
Suppose 0 = 2*g - 5*g + 600. Suppose g = p + 4*p. Let z be (-2)/(-5) - (-418)/55. Calculate the greatest common factor of p and z.
8
Suppose 8*c - 4*c = 364. Let q(f) = -f**3 - 2*f + 13. Let d be q(0). Calculate the greatest common factor of c and d.
13
Suppose -4*x = -4*u - 56, -16 = -2*x + 2*u + 3*u. Let w(k) = 3*k**2 - 16*k + 10. Let i = 20 - 13. Let t be w(i). What is the greatest common divisor of x and t?
9
Let l = -259 + 299. Calculate the greatest common divisor of l and 4.
4
Suppose 3*c + 70 = 2*c. Let g = 105 + c. What is the highest common divisor of g and 7?
7
Let c(s) = 3 - 6*s - 5 + 0. Let t be c(-2). Let q = -1290 - -1300. Calculate the highest common factor of q and t.
10
Suppose -28*d = -2*d - 4550. What is the greatest common divisor of 75 and d?
25
Let w(v) = -v**3 + 9*v**2 + 4*v + 20. Let j be w(0). What is the highest common factor of 95 and j?
5
Let a(z) = -z**3 - 6*z**2 - 2. Let v be a(-6). Let w be v/4 - 